actors of ((-288)/w)/(1/5).
2, 3
Let j(c) = 357*c**2 + 17*c - 17. List the prime factors of j(3).
17, 191
Let t = -3052 + 4943. What are the prime factors of t?
31, 61
Let n be -1*1 - (-96)/12. Suppose -n*k = -k - 12. List the prime factors of k.
2
Let w be (-2 + 2 + 0)*1. Suppose n - 6 = -v - 3, n + 1 = w. List the prime factors of 2/(2/28*v).
7
Suppose 39*n = 19*n + 55740. List the prime factors of n.
3, 929
Suppose 3*x = -2*x + 670. Let i = 282 - 236. Suppose -i = 4*m - x. What are the prime factors of m?
2, 11
List the prime factors of 7/63*(1 - -11)*474.
2, 79
Suppose -5*b - 3*p + 7805 = 0, -6*p = -3*b - 7*p + 4679. What are the prime factors of b?
2, 19, 41
Let g be (0 - (-78)/4*6)*-5. Let s = -385 - g. List the prime factors of s.
2, 5
Let g(i) = 111*i - 72. What are the prime factors of g(4)?
2, 3, 31
Let m(w) = -w**2 - 7*w. Suppose 10 = -5*h, 4*h + 23 = -5*y - 0*h. Let t be y/(-6)*-10 - 1. List the prime factors of m(t).
2, 3
Let c = 10 + -6. Suppose -42 = -p - 4*w, -3*w + 5*w = c*p - 186. What are the prime factors of p?
2, 23
Let c(x) = -2*x**3 - 16*x**2 - 14*x - 9. What are the prime factors of c(-10)?
3, 59
Let k be ((-10)/(-2))/(4/16). Suppose k = r + 4*r. Let s(a) = -a**2 + 6*a - 6. List the prime factors of s(r).
2
Suppose -c + 24 = -4*t, 2*t - 4*c = -3*t - 30. Let j(m) be the first derivative of -m**3/3 - 4*m**2 - 2*m + 142. List the prime factors of j(t).
2, 5
Let p = -322 + 659. Let k = -130 + p. What are the prime factors of k?
3, 23
Suppose 15 = 4*v - 89. Suppose 3*i - 131 = -v. Let b = 2 + i. List the prime factors of b.
37
Suppose 0 = 9*g + 36*g - 2070. What are the prime factors of g?
2, 23
List the prime factors of (-3 + -7)/20*-1732.
2, 433
Suppose 5*r = -4*g + 2*r + 460, -4*g + 3*r = -484. Suppose 0 = -5*x + 822 + g. Suppose x = -m + 5*m + t, -4*t = -m + 64. What are the prime factors of m?
2, 3
Let q(z) = -8*z - 5. Let f(t) = -t + 1. Let x be f(4). Let b be q(x). Let p = -14 + b. List the prime factors of p.
5
Let h(s) be the first derivative of -4*s**2 + 1/3*s**3 + 3*s - 1. What are the prime factors of h(9)?
2, 3
Suppose -18 = 2*z + z. Let f be 3 + z + 87 + 0. Suppose 4*j = j + f. What are the prime factors of j?
2, 7
List the prime factors of (-4 + 1)/(69/115) + 658.
653
Let x(l) = 3*l**2 + 3*l + 7. Let i be x(-4). Suppose -5*j + i = 8. What are the prime factors of j?
7
Suppose -3*o + 35 = -0*o - 5*w, 30 = 2*o - 5*w. Suppose o + 5 = -p. Let m(q) = -2*q - 1. What are the prime factors of m(p)?
19
Suppose 0*l = -5*a - 4*l + 315, -4*a - 4*l + 252 = 0. Suppose -3*q + a = 5*p, -4*q + p + 85 = 1. List the prime factors of q.
3, 7
Let m(p) = 7*p**2 - 16*p + 9. What are the prime factors of m(10)?
3, 61
Let q = -31 - -33. Suppose q*u = 3*f - f - 22, -5*f + 3*u = -61. List the prime factors of 4/f + 432/7.
2, 31
Let q(p) = -4*p**3 - 7*p**2 - 7*p + 8. What are the prime factors of q(-5)?
2, 23
List the prime factors of 8/52 - (-7083)/13.
5, 109
Let j = -34 + 27. Let v(z) = 13*z**2 - z - 1. Let m(r) = -12*r**2 + r + 1. Let q(p) = j*m(p) - 6*v(p). List the prime factors of q(-3).
2, 7
Suppose c - 3*c = -8. Suppose z - 32 = c. Suppose -z = -3*d + 78. What are the prime factors of d?
2, 19
Let o = -619 - -1982. List the prime factors of o.
29, 47
Suppose 4*w - 10 = -a, -4*a = -5*w - 0 + 2. Suppose -6*d - w*v = -d - 27, -2*d - 3*v + 2 = 0. Suppose -3*k + 44 = -d. What are the prime factors of k?
17
Let z(d) = d**3 + 10*d**2 - 2*d - 8. Let m be z(-9). Let f = 157 - m. What are the prime factors of f?
2, 3, 11
Let z(s) = s**3 + 10*s**2 + 6*s - 1. Let x be z(-9). Suppose -4*y - 3 = v, -4*v + 2*y = -y - x. Suppose 0*c = -v*c + 55. List the prime factors of c.
11
Suppose 11*h + 1309 - 3652 = 0. List the prime factors of h.
3, 71
Suppose 0 = -4*p - p + 3*q - 165, 0 = -p - q - 25. List the prime factors of -21*(-5)/(p/(-22)).
7, 11
Suppose -p = -3*b + b - 12, -3*b - 38 = -4*p. Suppose -206 = -5*r - 3*j, j - p = -r + 34. List the prime factors of 3 + r + (-9 - -5).
3, 13
Suppose -d + 650 = -18*w + 14*w, -2*w = -2*d + 1282. List the prime factors of d.
2, 11, 29
Let v be 1557/4 + 5/40*6. Suppose v = 7*t - 4*t. List the prime factors of t.
2, 5, 13
Let g be (-6)/33 + 3327/(-33)*1. Let m = -95 - -38. Let f = m - g. List the prime factors of f.
2, 11
Suppose 2*d + 1702 = g + d, 4*d - 8528 = -5*g. Suppose -71*v + 65*v + g = 0. What are the prime factors of v?
2, 71
Let i = 4288 - 1249. List the prime factors of i.
3, 1013
Suppose -13*j = -17*j + 992. List the prime factors of j.
2, 31
List the prime factors of 0/(6 + -2 - 5) - -315.
3, 5, 7
Suppose 2*f - 2381 + 767 = 0. What are the prime factors of f?
3, 269
Suppose 0 = -6*g + g - 340. Let h be 2/5 + 2982/(-30). Let t = g - h. What are the prime factors of t?
31
Let k = 518 - -408. What are the prime factors of k?
2, 463
Let k = 7 - -54. Suppose 146 = 5*l + 4*z, 2*l - k = z - 0. What are the prime factors of l?
2, 3, 5
Suppose 0 = -12*x + 3647 + 3973. What are the prime factors of x?
5, 127
Let u be 6/(-4) + 54/(-12). List the prime factors of ((-4)/u)/(4/402).
67
Suppose 3*x = -4*l + 2869, 5*x - 4747 = 4*l - 2*l. What are the prime factors of x?
3, 317
Let c be (-1 - 1)/(130/(-18) - -7). Let k = 46 - c. What are the prime factors of k?
37
Let g = -10385 + 14794. What are the prime factors of g?
4409
Let w(z) = -z**3 + z**2 + z + 35. Let g = 5 - 5. What are the prime factors of w(g)?
5, 7
Let h(d) = -d**2 + 6*d + 1. Let l be h(6). Let t(a) = -a**3 - a**2. Let y be t(l). List the prime factors of -2 - -1 - (-10 - y).
7
Let t(a) = -a + 13. Let j be t(13). Let b(k) = k + 3. Let n be b(j). List the prime factors of 6 - 3 - n*-1.
2, 3
Let g be (1 - 2)*20/(-4). Suppose -4*s + g*s - 8 = 0. Let b = 20 + s. What are the prime factors of b?
2, 7
Let u = -113 - -149. Suppose -t + 2*v = -6, 3*v - u = t - 4*t. List the prime factors of t.
2, 5
Let h = 4726 - 2487. What are the prime factors of h?
2239
Suppose -3*d + 7*d = 0. Let c be 58 + d + 7/(-7). Let l = c - 27. What are the prime factors of l?
2, 3, 5
Let b(w) = 10*w**3 - 2*w - 1. Let y be b(-1). Let m = 245 - 226. Let q = m + y. What are the prime factors of q?
2, 5
Let i be -2 + (-2)/(1 + (-60)/52). Let r = 13 + i. What are the prime factors of r?
2, 3
Let g(m) = -m**2 - 10*m - 2. Suppose -33 = q - 5*b, 0 = -b - 4*b + 25. Let l be g(q). Let x = l + 3. List the prime factors of x.
17
Let s = -281 - -453. What are the prime factors of s?
2, 43
Suppose -8*x = -3*x - 5*u + 35, -5*x - 35 = 3*u. What are the prime factors of -134*(5/(10/x) - -3)?
67
Let u = 1 - -326. Suppose 589 + u = 4*b. List the prime factors of b.
229
Suppose -15 - 3 = -6*u. List the prime factors of u - -68 - (-4)/2.
73
What are the prime factors of 1 - ((-7)/((-35)/(-20)) - 26)?
31
Let y(v) = -38*v + 4. Let a be y(-2). Suppose -50 - a = -2*p. What are the prime factors of p?
5, 13
Let c(g) = -g**3 - 5*g**2 - 4*g - 2. Let w be c(-2). List the prime factors of (-2)/w - (-1004)/12.
2, 3, 7
Suppose 3*b = p - 4, -20 = 5*p - 4*b - b. Let m be 4/(-1) - (p - -1). Suppose 12 = 3*i, 5*q - m*i = q + 152. What are the prime factors of q?
41
Let m(z) = 2*z - 5. Let x be m(4). Suppose a - x = -0. Suppose 5*j + a = -4*v + 53, 2*j = -5*v + 54. What are the prime factors of v?
2, 5
Let a(p) = -6*p**3 - 11*p**2 - p - 2. List the prime factors of a(-2).
2
Let v = -164 + 779. List the prime factors of v.
3, 5, 41
Let p be (21/(-6))/(-7)*224. Suppose t = 2*l + p, -2*t + 3*l = 30 - 253. List the prime factors of t.
2, 5, 11
Suppose -2*z + 3*z + 5*s = 134, -5*z = -s - 722. Suppose 0 = -4*u + 4*t + z, -3*u + 4*u + t = 42. What are the prime factors of u?
3, 13
Let t(k) be the third derivative of -k**4/24 + 2*k**3/3 + 7*k**2. Let y be (-6)/(-12)*28/(-2). What are the prime factors of t(y)?
11
Suppose 5*y - 4*y = 6. Suppose y = -2*d + 5*d. Suppose 3*f - 4*x - 15 = 0, -d*f + 10 = -2*x - 2*x. List the prime factors of f.
5
Suppose 0 = 2*j - 3*j + 3*w + 1665, -2*w = 0. What are the prime factors of j?
3, 5, 37
Suppose 11*z + 1344 = 13*z. Suppose 5*o - z = -3*o. List the prime factors of o.
2, 3, 7
Let f be 368/20 + 4/(-10). Suppose g + 5*s = 9, 0 = -4*s + 10 + 2. Let o = f - g. What are the prime factors of o?
2, 3
Let k(m) be the second derivative of 5*m**3/3 + 6*m**2 - m. Let o be k(4). Let v = 73 -